891. Let o be w(4). What is r(o)?
-7
Let h(s) = -3*s**3 - 2*s**2 - 3*s - 2. Let f be h(-1). Let t(w) = 0 + 2*w**3 + w**3 - 4*w**3 + 2 + 7*w**f. Determine t(7).
2
Let k = 15 + -8. Suppose 5*j = -k + 2. Let r(o) = -22*o**2 - 78*o + 126*o - 47*o. What is r(j)?
-23
Let x(v) = v**3 - 9*v**2 + 17*v - 19. Let w be x(7). Let n(l) = -22 + w*l + l**3 + 2*l**2 - l**2 + 25 + 3*l**2. What is n(-3)?
6
Let h(n) = -5*n**3 + 2*n**2 - 34*n - 23. Let o(v) = v**3 - v**2 + 11*v + 4. Let x(s) = h(s) + 4*o(s). Give x(0).
-7
Let o(c) = 24 - 6 + 117 + 6124*c - 6132*c. Determine o(17).
-1
Suppose -6 = v - 27. Suppose -v = -3*k - 15. Let u(b) = b + b - 12 + 15 - b**k - 4. Give u(3).
-4
Let w be (-2)/(-8) + (-12)/(-16). Let k(h) = 2 - 5 - 5 - 8*h**2 - w + h**3. Suppose -2*l = 21*i - 20*i - 14, -50 = -5*l + 5*i. Calculate k(l).
-9
Suppose 2*b - 4*b = 10, -4669 = -2*l - 3*b. Let f(v) = -3 - 3 - l*v + 2345*v + 3. What is f(5)?
12
Let l(r) = 2*r - 5 + 33 - 16 - 12. Let q(n) = -n**2 - 4*n - 7. Let v(u) = -4*l(u) + q(u). Determine v(-13).
-20
Suppose -s - 5*t + 160 = 0, -8*s + 9*s - 146 = 2*t. Suppose 0*j - 25*j = -s. Let k(l) = -l**3 + 8*l**2 - 14*l + 18. Determine k(j).
6
Let j(r) = -52*r. Let q = -2298 + 2297. Calculate j(q).
52
Let c(b) be the third derivative of 19*b**4/24 - b**3/2 + 668*b**2. Give c(-1).
-22
Let z(x) be the second derivative of -7*x**3/2 + 1099*x. Give z(1).
-21
Let o(w) = 309*w - 299. Let c(g) = 56*g - 60. Let n(q) = 11*c(q) - 2*o(q). Determine n(19).
-100
Let h(q) = 12*q**3 - 71*q**2 - 6*q + 5. Suppose 17*i + 20 - 104 = 3*i. Calculate h(i).
5
Suppose 3*m + 2*l = 19, 19*m - 7 = 15*m + l. Let c = 11 + -9. Let q(f) = f**3 - 4*f - f**2 - f**3 - 2*f**2 + c + f**3. What is q(m)?
-10
Let w(h) = h**2 + 24*h - 12. Let r(y) = -286*y - 2308. Let c be r(-8). Determine w(c).
-92
Let g(m) = 2*m**3 + 4*m**2 + 6*m + 3. Let r(h) = 95*h + 1422. Let l be r(-15). Determine g(l).
-33
Let w(v) be the first derivative of -v**4/4 - 8*v**3/3 - v + 204. Let u = 49 - 57. Give w(u).
-1
Let b(u) = -4*u - 11. Let z = 89 - 83. Suppose 0 = z*h - 22 + 4. Let y(g) = 11*g + 32. Let x(f) = h*y(f) + 8*b(f). Give x(-6).
2
Let p be (-4 - 0) + (-6 - -4). Let l be p/(-4) + (-40)/(-16). Suppose x + 25 = -l*x. Let w(t) = 2*t + 2. What is w(x)?
-8
Let y(s) = s**3 - 8*s**2 - s + 2. Let g = -144 + 227. Suppose 0 = g*z - 88*z + 40. Give y(z).
-6
Let a(f) = -12*f - 34*f**3 - 33*f**3 - 28*f**3 - 12*f**2 + 122*f**3 - 13 - 28*f**3. Calculate a(-11).
-2
Suppose 10*j = -134 + 104. Let p(g) = -29 + 14 - 3*g + g + 12. Determine p(j).
3
Suppose -30*g - 22 = -2*w - 26*g, 5*w - 22 = -g. Suppose w = z, 4*h - 4*z = -5*z - 3. Let q(f) = -f. What is q(h)?
2
Let c(p) = -21*p + 898. Let u be c(43). Let i(z) = 87*z - 82*z + 3 + 0. Calculate i(u).
-22
Let d(w) = 20*w**2 + w. Let j(i) = -i**3 - 6*i**2 - 3*i - 5. Let q be j(-6). Suppose q*t - 13 = 26*t. What is d(t)?
19
Let q(d) = 69*d**3 + 63*d**3 + 5 - 3 - 3*d + 11*d - 3*d**2 - 136*d**3. Let w(a) = -5*a**3 - 3*a**2 + 10*a + 4. Let x(z) = 4*q(z) - 3*w(z). Calculate x(-4).
4
Let t = -65 + 63. Let y(d) = 4*d - 7. Let h(p) = -2*p + 3. Let a(g) = t*y(g) - 5*h(g). Let b = 3 - 5. Calculate a(b).
-5
Let i(v) = -v**2 - 12*v - 18. Suppose 0 = 15*p - 17 + 167. Let w be i(p). Let u(c) = -4 + 2 - 2 + 3 - w*c. What is u(-2)?
3
Let f(q) = q - 14. Suppose 207*t - 405 = 202*t. Suppose -10*h + 19*h - t = 0. What is f(h)?
-5
Let s(c) = c**2 - 9*c + 7. Let l(y) = 3*y**2 - 18*y + 15. Let o be ((-6)/(-30) + (-81)/30)*2. Let b(v) = o*s(v) + 2*l(v). Determine b(-9).
-5
Let b(o) = -o**2 - 43*o + 787. Let d be b(-57). Let s(v) = v**2 + 2*v - 1. Calculate s(d).
98
Let d be 16*333/(-13024)*-22. Let a(g) = 11*g - 27. Let i(x) = -4*x + 9. Let h(f) = -3*a(f) - 8*i(f). Calculate h(d).
0
Let o be -3 + 1*(17 - 5). Let w(m) = -2*m + 2 + 10 + o*m - 15 + m + 9*m**2 + m**3. What is w(-8)?
-3
Let i(o) = -o**2 + o + 1. Let w be 3/(-2)*(-18)/3. Let g be (-6)/w*(-99)/2. Let l = -33 + g. Give i(l).
1
Let z(u) = u**3 - 8*u - 1. Let w be z(0). Let y(q) be the third derivative of 7*q**4/24 + q**3/6 - 24*q**2 - q. What is y(w)?
-6
Let v(q) = -4*q**3 + 2*q**2 - 15*q + 11. Let y be 30/(-4)*28/35. Let m(d) = -2*d**3 + d**2 - 8*d + 6. Let o(w) = y*v(w) + 11*m(w). Determine o(2).
16
Let f = 74 - 136. Let x = 65 + f. Let l(r) = -149 + 51 + r**2 + 44 + 53 - 4*r. Calculate l(x).
-4
Suppose 2*w - 7806 = -5*d + 4243, 24104 = 4*w + 4*d. Let j(u) = -12 - 11 - w*u + 6028*u. Calculate j(18).
-5
Let k(j) = -57*j + 26*j + 117*j - j**2 - 16 - 73*j. Calculate k(-5).
-106
Let f(q) = -107*q + 97. Let v be f(1). Let n(z) = -z**3 - 9*z**2 + 9*z. Give n(v).
10
Let k(y) = 4*y - 5. Let w(x) = 22*x - 301. Let v(b) = -2*k(b) + w(b). Give v(21).
3
Let o = -2611 + 2611. Let b(s) = s**3 + s**2 - 19. Determine b(o).
-19
Let s be 425/(-20) - 3/(-12). Let y be 476/(-98) + (-18)/s. Let n(m) be the third derivative of m**5/30 + m**4/8 + m**2. Determine n(y).
20
Let i(g) = -262*g**2 - 44*g - 79. Let u(n) = -314*n**2 - 45*n - 79. Let k(w) = 6*i(w) - 5*u(w). Calculate k(-17).
6
Let r = 5 + -2. Suppose -r = -2*f + 5*f. Let v(d) be the second derivative of -d**5/5 + d**4/6 - d**2/2 - 122960*d + 2. Determine v(f).
5
Let s(x) = 7*x + 157. Let l(a) = -a - 26. Let o(f) = 4*l(f) + s(f). Give o(-19).
-4
Let f(y) = -39*y**3 - y**2. Let g be f(-1). Let b(j) = -2*j**3 - 11*j**2 + 2*j + 11. Let l be b(-6). Let d = l - g. Let r(n) = -n - 3. What is r(d)?
0
Let x(t) be the second derivative of -23*t**4/12 + t**2/2 + 8875*t. Determine x(-1).
-22
Let d(v) = -v**3 + 11*v**2 + 12*v + 2. Suppose g + 27 = 2*k, -2*g + 18 = -k + 3*k. Let u be d(k). Let r(x) = x + 0*x + 2 - 5 + 8*x - x**u. What is r(6)?
15
Let a(k) be the third derivative of -k**4/24 + k**3/6 + 8*k**2. Let w(i) = i**3 - i**2. Let t(o) = -a(o) - w(o). Calculate t(0).
-1
Let s = 201 + -204. Let c(q) be the second derivative of -q**4/12 + q**3/2 + q**2 + 386*q. What is c(s)?
-16
Let v be ((-2115)/(-36))/(-47) + 70/(-8). Let o(f) = 9*f + 81. Give o(v).
-9
Let h be ((0 - 0) + -6)*-1. Let z(l) = -4*l + 10. Let u(p) be the first derivative of 3*p**2/2 - 8*p - 111. Let j(t) = -5*u(t) - 4*z(t). Give j(h).
6
Let k(t) = -t**3 - 5*t**2 - 3*t. Let y = 23 + -38. Let a(l) = 15*l - 2 - l**2 + 4*l**2 - 2*l**2. Let b be a(y). What is k(b)?
-6
Let x = -20 + 11. Let g(c) be the first derivative of 3*c + 1/2*c**2 - 1. Determine g(x).
-6
Let a(z) = -z**2 + 7*z - 6. Suppose -7*k + 6*k = 38. Let n = k - -43. Suppose 0 = n*r - 4*x - 22, r - 2*r + 8 = x. Calculate a(r).
0
Let h be (-2 + (-30)/(-6))*508/6. Let w = h - 249. Let t(y) = 7*y - y**3 + y**2 + y**2 + 2*y**2 - 5. Determine t(w).
5
Let d = -15282 - -15285. Let u(c) = -20*c. What is u(d)?
-60
Let w(x) = -x**3 - 11*x**2 + 12*x + 12. Let o be (558/341)/(3/(-22)). Determine w(o).
12
Let c(f) = -3*f**2 + 61*f + 47. Suppose -5*m + 105 = 3*x, 4*m = m + 18*x + 63. What is c(m)?
5
Let u(n) = -4*n**2 - 15*n + 2. Let p(l) = -2*l**2 - 7*l + 1. Let f(b) = -5*p(b) + 2*u(b). Suppose 71*m + 198 + 602 = -89*m. Determine f(m).
24
Let d(y) be the third derivative of -y**6/120 - y**5/60 + y**4/8 + y**3/3 + 10*y**2. Let b be (-2)/(-2 - -1 - -3). Let f = -3 - b. Give d(f).
0
Let z(u) = -u - 6. Suppose -4*o - 2 = -5*o. Let l(w) = 6*w + o + 9 - 2*w - 2*w. Let i(f) = 3*l(f) + 5*z(f). Give i(4).
7
Let v(g) be the second derivative of -g**4/3 - 26*g**3/3 + 5*g**2/2 + 1932*g. What is v(-13)?
5
Let f = 196 - 196. Suppose 25*q - 31*q + 12 = f. Let x(w) = -2*w**2 + 4. What is x(q)?
-4
Let t(y) be the third derivative of 5/6*y**3 + 0*y - 1 - 5/24*y**4 - y**2 - 1/60*y**5. Give t(-5).
5
Let m(d) = -5*d**2 + 6*d**2 + 5 - 4*d**2 - d**3. Suppose -27*v - 6*v - 198 = 0. Let a be 1/(v/(72/3)). What is m(a)?
21
Let h(g) be the third derivative of g**5/60 + g**3/3 - g**2. Let l(j) = -725*j + 23198. Let d be l(32). Give h(d).
6
Let h(i) be the first derivative of -6*i**2 + 93*i - 2160. Calculate h(6).
21
Suppose 2*v = 115*p - 118*p + 17, -v = p - 4. Let d(o) be the first derivative of -1/3*o**3 + p*o + 20 + 9/2*o**2. Determine d(10).
-1
Let o be (-7 + 2 + -1)/((-18)/117). Suppose -o = 4*z - 3. Let s(m) = m + 6. What is s(z)?
-3
Let i = -289 - -292. Let z(f) = 19*f - 12. Let x(b) = -9*b + 6. Let d(p) = -13*x(p) - 6*z(p). Calculate d(i).
3
Let z = 29565 + -29560. Let y(g) = 22*g. What is y(z)?
110
Let o(n) be the 